 factors of 2/(7 - y) + (-135)/(-6).
23
Suppose -678 - 290 = -8*m. Let s = 124 - m. Suppose -682 = -s*y + 119. What are the prime factors of y?
3, 89
Let u(c) = -c**3 + 8*c**2 - 3*c + 3. Let g be u(8). Let x be (-2)/(-24)*-3 - g/4. Suppose -x*s + 83 = 2*q, q - 4*s = -2*s + 28. What are the prime factors of q?
2, 17
Suppose -2*m + 10382 = 4*u, -10*u + 2*m = -5*u - 13000. Suppose -u = -37*k + 31*k. List the prime factors of k.
433
Let b be (-5)/((-20)/1412) - (-3 + 3). List the prime factors of b/(-2824) + 2/(16/8857).
3, 41
Let l = -1951 + 2222. What are the prime factors of l?
271
Suppose 4 = 2*z - a - 2, 0 = 4*z + a. List the prime factors of (((-572)/(-10))/((-6)/(-15)))/z.
11, 13
Let i = 12080 - -39088. List the prime factors of i.
2, 3, 13, 41
Let y(f) = f**2 - 19*f + 94. Let t be y(22). List the prime factors of t + -1 + (-42*1)/(-6).
2, 83
Suppose -h + 17321 = -0*h - 33280. List the prime factors of h.
3, 101, 167
Let q = -51 + 90. Let a = 47 - q. Suppose -3*h - 115 = -a*h. List the prime factors of h.
23
Suppose 3*h + 3*r = 9, -5*h = -5*r + 7 - 12. Suppose -2385 = -3*f - 3*m, f - 810 = -0*m + h*m. List the prime factors of f.
2, 5
Suppose 3*j + 0*k + 1343 = 2*k, 2*j + 3*k = -904. Let h = j - -666. List the prime factors of h.
7, 31
Let x = -185 - -188. Suppose -4*y - x*j + 2457 = 0, 0 = 4*j - 9 - 3. List the prime factors of y.
2, 3, 17
Suppose 156 = 4*d + 2*p - 266, 4*p = 5*d - 521. Let a be (136/(-170))/((-4)/(-10))*(-69)/6. Suppose o = a + d. List the prime factors of o.
2
Let d = 49 - 48. Let i be ((-3)/(-6))/d*302. Let w = 213 - i. List the prime factors of w.
2, 31
Suppose 0 = 18*h - 16*h + 3806. Let o = h + 2760. What are the prime factors of o?
857
List the prime factors of (126/315)/(24/(-45))*47536/(-6).
2, 2971
Let u(f) = -2*f**2 - 12. Let o be u(0). Let v be -1*2/6*o/2. Let g(r) = 38*r**2 + 3*r - 6. List the prime factors of g(v).
2, 19
Let s(a) = -a**2 - 16*a - 15. Let y = -93 + 80. List the prime factors of s(y).
2, 3
Suppose 9*m - 15*m + 66 = 0. Let z(n) = 10*n**2 - 15*n + 79. What are the prime factors of z(m)?
2, 281
Suppose 4*o = -o - 5*i + 29815, -4*i - 5988 = -o. What are the prime factors of o?
2, 373
Suppose 2674*i - 2749*i + 504150 = 0. List the prime factors of i.
2, 3361
Let b(l) = 47*l**2 + 46*l - 49. List the prime factors of b(12).
11, 661
Suppose 645*a = 644*a + 18229. Suppose -34*c = -a - 13051. List the prime factors of c.
2, 5, 23
Let a(n) = -13*n**2 + n**3 + n**3 + 8*n + 20 + n - n**3. Let k be a(12). Let o = k - -103. List the prime factors of o.
3, 29
Let y(q) = 7*q + 25. Let c be y(-10). Let f = 64 + c. What are the prime factors of f?
19
Suppose 254*x + 613278 = 295*x. What are the prime factors of x?
2, 3, 277
Suppose -807*u + 811*u - 3804 = -4*w, 4*w + 2*u - 3802 = 0. What are the prime factors of w?
2, 5, 19
Let u = -733 - -280. Let w = 29 - u. List the prime factors of w.
2, 241
Let w = 21 + -16. Suppose w*u - 36 = -11. Let g(j) = j**2 + 8*j - 13. List the prime factors of g(u).
2, 13
Let o = 51 - 59. List the prime factors of (-196 - 5)*(3 + o).
3, 5, 67
Suppose -47 = 5*t - 72. Suppose -t*o = 5*a - 2120, -10*a + 4*o + 1728 = -6*a. List the prime factors of a.
2, 107
Suppose 266 = -0*g + 7*g. Let y = g - 33. Suppose -5*z + 2*d + d + 379 = 0, d = y*z - 373. List the prime factors of z.
2, 37
What are the prime factors of ((-2)/(40/(-22900)))/(2/10)?
5, 229
Let i(g) = 85*g**2 + g - 2. Suppose -1 = -o - 3*m, 2*m + 2 = 2*o - 0*m. List the prime factors of i(o).
2, 3, 7
Suppose 15 = 5*r - 15. Suppose 4*s - 6*s = -2*j + r, 2*j - 9 = 5*s. Suppose j*p + 208 = 3*a - 2*p, -p - 375 = -5*a. List the prime factors of a.
2, 19
Suppose 2*y - 4*v = -4, 0 = -4*y + 7*y - v + 1. Suppose -116 = -3*n + 25. Suppose y*f = -f + n. What are the prime factors of f?
47
Let h = 63550 - 1049. List the prime factors of h.
62501
Suppose l = -0*l + 14. Let u be l/7 - (-1 + -1). Let s = 14 - u. List the prime factors of s.
2, 5
Let w = 2 + 8. Let d(s) = -s**3 + 9*s**2 + 15*s - 8. Let z be d(w). Let a = z + -13. What are the prime factors of a?
29
Let b = -239 - -308. Suppose 52*p = b*p - 13158. List the prime factors of p.
2, 3, 43
Suppose 0 = -3*k - 4*q + 6612, 3*k + 10*q = 7*q + 6615. What are the prime factors of k?
2, 3, 23
Suppose 99*v = 17*v - 69*v + 2234649. List the prime factors of v.
3, 4933
Let r(x) = -17*x**2 - 45*x + 45. Let s(z) = -8*z**2 - 22*z + 22. Let o(h) = 6*r(h) - 13*s(h). Let p be o(-12). Let i = p - -17. List the prime factors of i.
97
Suppose -5*y - 11*i = -6*i - 55, -4*i - 28 = -5*y. Let c = y - -22. What are the prime factors of c?
2, 3, 5
Suppose -42213 = -5*q + 4*l - 8479, 2*l = -4*q + 27008. What are the prime factors of q?
2, 3, 5
Suppose -z + 6*z + 7 = -y, 2 = -z. List the prime factors of y + 0/(2/(-1)) + 854.
857
Suppose -21*z = -14*z - 14. Suppose 2*p - z = 5*r, p = r - 3*r + 10. Suppose 0 = -p*h - 2*h + 2280. What are the prime factors of h?
3, 5, 19
Let u(r) = -13*r + 169. Let k be u(-9). Let w be 1/(1*1/(-180)). Let z = k + w. What are the prime factors of z?
2, 53
List the prime factors of ((-28448)/4 - -4)*35/(-140).
1777
Let o(f) = -4*f. Suppose -c = -5*b - 6, 58 = 5*c - 3*b + 6*b. Let u be o(c). List the prime factors of (-3748)/u - -2 - 8/44.
3, 29
Let n(x) = -29*x**3 - 4*x**2 + 4*x - 4. Suppose 7*i - 446 + 467 = 0. What are the prime factors of n(i)?
17, 43
Suppose 11*w = -18*w + 22620. List the prime factors of w.
2, 3, 5, 13
Let z = -67 + 67. Suppose 3*s - 15 = -3*b, 3*s + 2*b = -z*s + 17. Suppose -u - s*u = -1016. List the prime factors of u.
127
Let n(q) = -2*q + 33. Let j be n(20). Let r(v) = -105*v - 31. What are the prime factors of r(j)?
2, 11
Suppose 2*r + 10 = -0*p + 3*p, 5*r - 2*p + 14 = 0. Let b = -105 - -28. List the prime factors of (-5453)/b - r/11.
71
Suppose 2358230 - 739030 = 160*a. List the prime factors of a.
2, 5, 11, 23
What are the prime factors of -4 + ((-222400)/(-10))/8?
2, 347
Let i(d) = 40*d - 725. Let x be i(0). Let j = x + 1419. What are the prime factors of j?
2, 347
Suppose 15 = p + 13. List the prime factors of (2710/15 - p)/((-4)/(-6)).
2, 67
Suppose -2*v = -104 + 94. Let a be (-2)/(11 - v)*9. What are the prime factors of (a + -3 + 12)*(-76)/(-12)?
2, 19
Let m(p) = 678*p - 2502. What are the prime factors of m(13)?
2, 3, 263
Suppose 51191 = -234*x + 241*x. List the prime factors of x.
71, 103
Let n be (92/(-40) - (-16)/20)*-2. Suppose x = 3*q - 6*q + 1004, 4*x - 4025 = -n*q. List the prime factors of x.
19, 53
Let v = 100 - -111. Let u = v - 109. What are the prime factors of u?
2, 3, 17
Let i(v) = 443*v + 1288. List the prime factors of i(16).
2, 3, 349
Let x be (32/7 - 4) + 24/7. Suppose 1073 = -x*g + 5*u, u + 0*u = 1. Let k = g - -389. What are the prime factors of k?
2, 61
List the prime factors of 0 + 2252 - 3267/297.
3, 83
Let k be (-177)/(-11) + 29/(-319). What are the prime factors of (100/k - 5)*44?
5, 11
Let o(p) = -p**3 + p**2 - p - 4. Let j be o(0). Let u be (-43)/j - (-1)/4. Suppose -5*b + u*b = 180. List the prime factors of b.
2, 3, 5
List the prime factors of 54*-194*(36/(-16))/3.
3, 97
Suppose -4*i + 3*p = -131109, -2*i = -p - 8532 - 57019. List the prime factors of i.
2, 3, 2731
Let a = 1438 - -2687. What are the prime factors of a/45 + (-3)/(-18)*2?
2, 23
Suppose -13*w + 22*w + 25830 = 12*w. What are the prime factors of w?
2, 3, 5, 7, 41
Let b be (1 - 0)*(98 - 37). Let d = 72 - b. What are the prime factors of d?
11
Let y(u) = 25*u - 29. Let f be ((-1)/(8/(-44)) - 3)*-2. Let x be y(f). What are the prime factors of ((-10)/7)/(11/x)?
2, 5
Let w(t) = t**3 + 15*t**2 - 18. Let s be w(-15). Let i be ((-10)/30)/(-2 - 34/s). Suppose 5*h + 2*r = 347, 0*r + 221 = i*h - 2*r. List the prime factors of h.
71
Let l(a) = 54*a**2 + 126*a + 1054. List the prime factors of l(-23).
2, 31, 431
Let z = 54830 - 80458. List the prime factors of z/43*(-3)/2.
2, 3, 149
Let k = 524 + 28692. List the prime factors of k.
2, 11, 83
Let x = 135 - 132. Suppose 8*w + x*w - 308 = 0. List the prime factors of (15315/12)/5 - 7/w.
3, 5, 17
Let f be (-20)/(-6)*(-6)/(-4). Let i(l) = 43*l**2 - 52*l + 21. Let j be i(4). Suppose 36 = -f*a + 4*y + j, -5*y + 64 = a. What are the prime factors of a?
89
Suppose 364872 - 14304 = 24*w. List the prime factors of w.
3, 541
L